{"id":1863,"date":"2022-05-03T18:49:51","date_gmt":"2022-05-03T16:49:51","guid":{"rendered":"http:\/\/wnoz.up.wroc.pl\/sknbio\/?page_id=1863"},"modified":"2023-04-03T10:07:48","modified_gmt":"2023-04-03T08:07:48","slug":"jak-zaczac","status":"publish","type":"page","link":"https:\/\/www.binoz.upwr.edu.pl\/sknbio\/jak-zaczac\/","title":{"rendered":"Jak zacz\u0105\u0107"},"content":{"rendered":"<p><strong>Chcieliby\u015bcie do nas do\u0142\u0105czy\u0107, a nie wiecie jak zacz\u0105\u0107?<\/strong><\/p>\n<p>Napisz.<\/p>\n<p>Szczeg\u00f3\u0142y w zak\u0142adce KONTAKT<\/p>\n<\/p>\n<p><strong>W wiadomo\u015bci nale\u017cy poda\u0107:<\/strong><\/p>\n<p><strong>\u2192<\/strong> Imi\u0119 i nazwisko,&nbsp;<\/p>\n<p><strong>\u2192<\/strong> Rok oraz kierunek studi\u00f3w,<\/p>\n<p><strong>\u2192 <\/strong>Link do facebook\u2019a (u\u0142atwi nam to p\u00f3\u017aniejszy kontakt).<\/p>\n<p>Do os\u00f3b przyj\u0119tych zostanie wys\u0142ana wiadomo\u015b\u0107 potwierdzaj\u0105ca przez Facebooka.<\/p>\n<ul>\n<li><strong>&nbsp;Pierwsze spotkanie:<\/strong><\/li>\n<\/ul>\n<p>Z osobami przyj\u0119tymi zostanie ustalona data pierwszego spotkania, wyja\u015bniaj\u0105cego mo\u017cliwo\u015bci jakie oferuje uczestnictwo w SKN&#8217;ie oraz obowi\u0105zki z tym zwi\u0105zane.<\/p>\n<p style=\"text-align:center\"><strong>Serdecznie zapraszamy wszystkich ch\u0119tnych<\/strong><\/p>\n","protected":false},"excerpt":{"rendered":"<p>Chcieliby\u015bcie do nas do\u0142\u0105czy\u0107, a nie wiecie jak zacz\u0105\u0107? Napisz. Szczeg\u00f3\u0142y w zak\u0142adce KONTAKT W wiadomo\u015bci nale\u017cy poda\u0107: \u2192 Imi\u0119 i nazwisko,&nbsp; \u2192 Rok oraz kierunek studi\u00f3w, \u2192 Link do facebook\u2019a (u\u0142atwi nam to p\u00f3\u017aniejszy kontakt). Do os\u00f3b przyj\u0119tych zostanie &hellip; <a href=\"https:\/\/www.binoz.upwr.edu.pl\/sknbio\/jak-zaczac\/\">Czytaj dalej <span class=\"meta-nav\">&rarr;<\/span><\/a><\/p>\n","protected":false},"author":12,"featured_media":0,"parent":0,"menu_order":0,"comment_status":"closed","ping_status":"closed","template":"","meta":{"footnotes":""},"_links":{"self":[{"href":"https:\/\/www.binoz.upwr.edu.pl\/sknbio\/wp-json\/wp\/v2\/pages\/1863"}],"collection":[{"href":"https:\/\/www.binoz.upwr.edu.pl\/sknbio\/wp-json\/wp\/v2\/pages"}],"about":[{"href":"https:\/\/www.binoz.upwr.edu.pl\/sknbio\/wp-json\/wp\/v2\/types\/page"}],"author":[{"embeddable":true,"href":"https:\/\/www.binoz.upwr.edu.pl\/sknbio\/wp-json\/wp\/v2\/users\/12"}],"replies":[{"embeddable":true,"href":"https:\/\/www.binoz.upwr.edu.pl\/sknbio\/wp-json\/wp\/v2\/comments?post=1863"}],"version-history":[{"count":4,"href":"https:\/\/www.binoz.upwr.edu.pl\/sknbio\/wp-json\/wp\/v2\/pages\/1863\/revisions"}],"predecessor-version":[{"id":1907,"href":"https:\/\/www.binoz.upwr.edu.pl\/sknbio\/wp-json\/wp\/v2\/pages\/1863\/revisions\/1907"}],"wp:attachment":[{"href":"https:\/\/www.binoz.upwr.edu.pl\/sknbio\/wp-json\/wp\/v2\/media?parent=1863"}],"curies":[{"name":"wp","href":"https:\/\/api.w.org\/{rel}","templated":true}]}}