{"id":8,"date":"2010-11-21T00:01:54","date_gmt":"2010-11-20T22:01:54","guid":{"rendered":"http:\/\/wnoz.up.wroc.pl\/sknbio_wordpress\/?page_id=8"},"modified":"2026-03-30T12:42:03","modified_gmt":"2026-03-30T10:42:03","slug":"sklad-kola","status":"publish","type":"page","link":"https:\/\/www.binoz.upwr.edu.pl\/sknbio\/sklad-kola\/","title":{"rendered":"Sk\u0142ad ko\u0142a"},"content":{"rendered":"<p style=\"text-align: center;\"><strong>SK\u0141AD KO\u0141A <\/strong><\/p>\n<p style=\"text-align: center;\"><strong>Zarz\u0105d ko\u0142a:<\/strong><\/p>\n<p style=\"text-align: center;\"><em>Przewodnicz\u0105cy:<\/em><\/p>\n<p style=\"text-align: center;\"><b>Ma\u0142gorzata Majewska\u00a0<\/b><\/p>\n<p style=\"text-align: center;\"><em>Vice-przewodnicz\u0105cy:<\/em><\/p>\n<p style=\"text-align: center;\"><span style=\"font-weight: 600;\">Bart\u0142omiej Burnus (Bioinformatyka, WBiHZ)<\/span><\/p>\n<p style=\"text-align: center;\"><em>Skarbnik:<\/em><\/p>\n<p style=\"text-align: center;\"><b>Maria Varsavscaia<\/b><\/p>\n<p style=\"text-align: center;\">Honorowi cz\u0142onkowie zarz\u0105du:<\/p>\n<p style=\"text-align: center;\">&#8211;<\/p>\n<p style=\"text-align: center;\"><strong>\u00a0Cz\u0142onkowie:<\/strong><\/p>\n<p style=\"text-align: center;\">Aleksandra Kaliciak<\/p>\n<p style=\"text-align: center;\">Marta Haydziony<\/p>\n<p style=\"text-align: center;\">Miko\u0142aj Wosik<\/p>\n<p style=\"text-align: center;\">Rozalia \u0141awniczak<\/p>\n<p style=\"text-align: center;\">Izabela Kusak<\/p>\n<p style=\"text-align: center;\">Wiktor Arcyszewicz<\/p>\n<p style=\"text-align: center;\">Ma\u0142gorzata Maciejewska<\/p>\n<p style=\"text-align: center;\">Julia Myszczyszyn<\/p>\n<p style=\"text-align: center;\">Weronika Patan<\/p>\n<p style=\"text-align: center;\">Wiktoria Truszczy\u0144ska<\/p>\n<p style=\"text-align: center;\">Ma\u0142gorzata Lenart<\/p>\n<p style=\"text-align: center;\">Kamil Hoffman<\/p>\n<p style=\"text-align: center;\">Sylwia G\u00f3raj<\/p>\n<p style=\"text-align: center;\">Maja Bruzda<\/p>\n<p style=\"text-align: center;\">Jagoda G\u00f3rka<\/p>\n<p style=\"text-align: center;\">Maria Varsavscaia<\/p>\n<p style=\"text-align: center;\">Kajetan Tkaczyk<\/p>\n<p style=\"text-align: center;\">Agnieszka Szyde\u0142ko<\/p>\n<p style=\"text-align: center;\">Zuzanna Mo\u015bci\u0144ska<\/p>\n<p style=\"text-align: center;\">Paulina Ogaza<\/p>\n","protected":false},"excerpt":{"rendered":"<p>SK\u0141AD KO\u0141A Zarz\u0105d ko\u0142a: Przewodnicz\u0105cy: Ma\u0142gorzata Majewska\u00a0 Vice-przewodnicz\u0105cy: Bart\u0142omiej Burnus (Bioinformatyka, WBiHZ) Skarbnik: Maria Varsavscaia Honorowi cz\u0142onkowie zarz\u0105du: &#8211; \u00a0Cz\u0142onkowie: Aleksandra Kaliciak Marta Haydziony Miko\u0142aj Wosik Rozalia \u0141awniczak Izabela Kusak Wiktor Arcyszewicz Ma\u0142gorzata Maciejewska Julia Myszczyszyn Weronika Patan Wiktoria Truszczy\u0144ska &hellip; <a href=\"https:\/\/www.binoz.upwr.edu.pl\/sknbio\/sklad-kola\/\">Czytaj dalej <span class=\"meta-nav\">&rarr;<\/span><\/a><\/p>\n","protected":false},"author":5,"featured_media":0,"parent":0,"menu_order":0,"comment_status":"closed","ping_status":"open","template":"","meta":{"footnotes":""},"_links":{"self":[{"href":"https:\/\/www.binoz.upwr.edu.pl\/sknbio\/wp-json\/wp\/v2\/pages\/8"}],"collection":[{"href":"https:\/\/www.binoz.upwr.edu.pl\/sknbio\/wp-json\/wp\/v2\/pages"}],"about":[{"href":"https:\/\/www.binoz.upwr.edu.pl\/sknbio\/wp-json\/wp\/v2\/types\/page"}],"author":[{"embeddable":true,"href":"https:\/\/www.binoz.upwr.edu.pl\/sknbio\/wp-json\/wp\/v2\/users\/5"}],"replies":[{"embeddable":true,"href":"https:\/\/www.binoz.upwr.edu.pl\/sknbio\/wp-json\/wp\/v2\/comments?post=8"}],"version-history":[{"count":89,"href":"https:\/\/www.binoz.upwr.edu.pl\/sknbio\/wp-json\/wp\/v2\/pages\/8\/revisions"}],"predecessor-version":[{"id":2239,"href":"https:\/\/www.binoz.upwr.edu.pl\/sknbio\/wp-json\/wp\/v2\/pages\/8\/revisions\/2239"}],"wp:attachment":[{"href":"https:\/\/www.binoz.upwr.edu.pl\/sknbio\/wp-json\/wp\/v2\/media?parent=8"}],"curies":[{"name":"wp","href":"https:\/\/api.w.org\/{rel}","templated":true}]}}